9 composite?
False
Is 3983 prime?
False
Is 15727 composite?
False
Is 30565 composite?
True
Is 520162 a composite number?
True
Is 117641 prime?
False
Is 6737 a prime number?
True
Is 67751 a composite number?
False
Is 3793 a composite number?
False
Is 501367 composite?
False
Is 265243 a composite number?
True
Is 445 a prime number?
False
Is 94291 a composite number?
False
Is 2684813 composite?
True
Is 11513 a prime number?
False
Is 43957 a prime number?
False
Is 9395 a composite number?
True
Is 2287437 prime?
False
Is 1450543 a prime number?
True
Is 11549 a prime number?
True
Is 944369 prime?
True
Is 9103 composite?
False
Is 941 a prime number?
True
Is 22109 a prime number?
True
Is 126359 prime?
True
Is 240943 composite?
False
Is 4359 prime?
False
Is 48549 a composite number?
True
Is 88759 a composite number?
True
Is 86767 composite?
False
Is 4861 a prime number?
True
Is 12601 composite?
False
Is 28751 a composite number?
False
Is 4533 composite?
True
Is 57235 composite?
True
Is 23773 prime?
True
Is 25691 a composite number?
True
Is 13253 composite?
True
Is 5919 a composite number?
True
Is 9287 prime?
False
Is 5261 a prime number?
True
Is 1061 composite?
False
Is 271873 a prime number?
False
Is 26387 prime?
True
Is 212897 a composite number?
False
Is 39181 a prime number?
True
Is 26083 composite?
False
Is 11015 composite?
True
Is 13705 a composite number?
True
Is 16301 composite?
False
Is 340817 prime?
False
Is 6247 a composite number?
False
Is 18489 a composite number?
True
Is 132659 composite?
True
Is 7811 a prime number?
False
Is 10823 composite?
True
Is 19583 a composite number?
False
Is 153059 a composite number?
False
Is 985027 a composite number?
False
Is 33717 a composite number?
True
Is 31669 a prime number?
False
Is 19919 composite?
False
Is 5429 prime?
False
Is 42989 a composite number?
False
Is 20417 composite?
True
Is 4135 a composite number?
True
Is 138679 composite?
False
Is 27383 composite?
True
Is 853 a composite number?
False
Is 164687 prime?
False
Is 11513 composite?
True
Is 39851 a composite number?
True
Is 1693 a prime number?
True
Is 384533 a composite number?
False
Is 202921 a prime number?
True
Is 1814 composite?
True
Is 60482 a composite number?
True
Is 35239 a composite number?
True
Is 13817 prime?
False
Is 3359 a prime number?
True
Is 512569 composite?
False
Is 107507 composite?
False
Is 76742 a composite number?
True
Is 189487 prime?
False
Is 828967 a prime number?
True
Is 222245 prime?
False
Is 6829067 a composite number?
True
Is 529355 a prime number?
False
Is 195439 a prime number?
False
Is 858805 a prime number?
False
Is 702037 a prime number?
False
Is 1987 a composite number?
False
Is 22991 a prime number?
False
Is 7433 a composite number?
False
Is 2923 a composite number?
True
Is 701 a composite number?
False
Is 216941 a prime number?
False
Is 17519 composite?
False
Is 81701 prime?
True
Is 13093 a prime number?
True
Is 61949 a composite number?
False
Is 2537 prime?
False
Is 66337 composite?
False
Is 2941 a prime number?
False
Is 11423 prime?
True
Is 66137 composite?
False
Is 536989 a prime number?
True
Is 5669 a composite number?
False
Is 2057059 prime?
False
Is 37409 a composite number?
False
Is 1087 a composite number?
False
Is 108305 composite?
True
Is 18983 a prime number?
False
Is 270631 a prime number?
True
Is 10831 a composite number?
False
Is 11399 prime?
True
Is 4369 a composite number?
True
Is 1397 prime?
False
Is 11967 a prime number?
False
Is 1178429 a prime number?
False
Is 3187241 a prime number?
True
Is 2839 a prime number?
False
Is 560387 prime?
False
Is 120811 a composite number?
False
Is 111347 composite?
False
Is 528779 prime?
True
Is 12839 composite?
True
Is 24322 a composite number?
True
Is 192199 prime?
False
Is 22469 composite?
False
Is 1289227 a composite number?
True
Is 471023 a composite number?
True
Is 2503 a composite number?
False
Is 37463 prime?
True
Is 36511 composite?
True
Is 269879 prime?
True
Is 5069 a composite number?
True
Is 65359 prime?
False
Is 7069 composite?
False
Is 464677 a prime number?
False
Is 3155 a composite number?
True
Is 33211 a composite number?
False
Is 1661 prime?
False
Is 149503 a composite number?
False
Is 45281 a composite number?
False
Is 7217 composite?
True
Is 4159 prime?
True
Is 1503113 a prime number?
True
Is 821 prime?
True
Is 2491 prime?
False
Is 28963 a prime number?
False
Is 11429 prime?
False
Is 667 a composite number?
True
Is 372497 prime?
True
Is 3755 composite?
True
Is 1707583 prime?
False
Is 49597 a prime number?
True
Is 147313 composite?
True
Is 11213 a composite number?
False
Is 5261 composite?
False
Is 2153 composite?
False
Is 141173 prime?
False
Is 5545 a composite number?
True
Is 317 a prime number?
True
Is 186841 prime?
True
Is 5987 prime?
True
Is 656789 composite?
True
Is 219449 a composite number?
True
Is 55973 composite?
True
Is 444214 a prime number?
False
Is 8885 a prime number?
False
Is 466409 prime?
True
Is 63267 prime?
False
Is 8083 a composite number?
True
Is 3019 a prime number?
True
Is 14447 prime?
True
Is 34201 composite?
True
Is 4703 a composite number?
False
Is 3787 a prime number?
False
Is 376613 a prime number?
False
Is 119027 a composite number?
False
Is 22229 a prime number?
True
Is 292969 a composite number?
False
Is 1053503 a composite number?
True
Is 34031 a prime number?
True
Is 9609 prime?
False
Is 191663 a prime number?
False
Is 2336999 prime?
False
Is 120427 prime?
True
Is 37081 a prime number?
False
Is 486907 composite?
False
Is 204467 a prime number?
False
Is 6373 prime?
True
Is 63417 prime?
False
Is 20981 a composite number?
False
Is 24347 a prime number?
False
Is 1211423 a composite number?
False
Is 13173 prime?
False
Is 90187 prime?
True
Is 82867 prime?
False
Is 223577 composite?
False
Is 485493 a composite number?
True
Is 37423 a prime number?
True
Is 162343 a composite number?
False
Is 1082407 prime?
False
Is 217523 a composite number?
True
Is 17327 a prime number?
True
Is 286367 a prime number?
True
Is 307967 composite?
True
Is 500183 prime?
False
Is 134581 prime?
True
Is 6277669 composite?
False
Is 5554 a prime number?
False
Is 34031 a prime number?
True
Is 2333 prime?
True
Is 690467 prime?
True
Is 88513 a composite number?
False
Is 683087 a prime number?
True
Is 21139 a composite number?
False
Is 22735 composite?
True
Is 1821 prime?
False
Is 64151 prime?
True
Is 231538 a prime number?
False
Is 22583 a composite number?
True
Is 35687 a prime number?
False
Is 41039 a composite number?
False
Is 2513633 a prime number?
False
Is 17653 a prime number?
False
Is 1177571 composite?
False
Is 147351 a prime number?
False
Is 406717 composite?
False
Is 70603 a prime number?
False
Is 19831 a composite number?
True
Is 304787 a prime number?
False
Is 88993 composite?
False
Is 98951 a prime number?
False
Is 20291 a composite number?
True
Is 12611 composite?
False
Is 548071 prime?
False
Is 141313 prime?
False
Is 193433 prime?
True
Is 57373 a composite number?
False
Is 35393 a prime number?
True
Is 71119 prime?
True
Is 52229 a prime number?
False
Is 30607 composite?
True
Is 6607 prime?
True
Is 36203 a composite number?
True
Is 77 a prime number?
False
Is 604883 composite?
False
Is 411 a prime number?
False
Is 78051 prime?
False
Is 183783 prime?
False
Is 7453 composite?
True
Is 86561 prime?
True
Is 112447 a composite number?
True
Is 77627 prime?
False
Is 5399 a prime number?
True
Is 19607 a composite number?
True
Is 43501 prime?
False
Is 57311 a prime number?
False
Is 249031 a prime number?
False
Is 1723277 a composite number?
False
Is 2426 composite?
True
Is 28983 composite?
True
Is 2337935 a prime number?
False
Is 4393 a prime number?
False
Is 64399 composite?
False
Is 797 a composite number?
False
Is 86369 composite?
False
Is 66029 composite?
False
Is 119703 composite?
True
Is 54211 prime?
False
Is 7981 prime?
False
Is 203959 a composite number?
True
Is 642305 a composite number?
True
Is 320431 a prime number?
True
Is 83019 composite?
True
Is 24511 a prime number?
False
Is 7177 composite?
False
Is 19563 composite?
True
Is 455837 composite?
True
Is 1973 a composite number?
False
Is 31747 a prime number?
False
Is 20873 prime?
True
Is 3587 a prime number?
False
Is 5987 composite?
False
Is 521153 composite?
False
Is 3